
7
What is the units digit of 2282?
2
What is the ten thousands digit of 21020?
2
What is the units digit of 421?
1
What is the units digit of 2203?
3
What is the thousands digit of 1527?
1
What is the units digit of 66138?
8
What is the units digit of 29307?
7
What is the tens digit of 29189?
8
What is the tens digit of 579?
7
What is the tens digit of 32138?
3
What is the units digit of 6880?
0
What is the units digit of 2285?
5
What is the thousands digit of 16858?
6
What is the tens digit of 3136?
3
What is the hundreds digit of 2341?
3
What is the tens digit of 508?
0
What is the units digit of 8944?
4
What is the hundreds digit of 3933?
9
What is the tens digit of 110332?
3
What is the thousands digit of 12183?
2
What is the tens digit of 22013?
1
What is the thousands digit of 91929?
1
What is the tens digit of 5951?
5
What is the thousands digit of 1969?
1
What is the thousands digit of 4043?
4
What is the thousands digit of 36921?
6
What is the units digit of 74696?
6
What is the tens digit of 954?
5
What is the units digit of 4447?
7
What is the hundreds digit of 1308?
3
What is the units digit of 89767?
7
What is the thousands digit of 10111?
0
What is the hundreds digit of 278?
2
What is the hundreds digit of 787?
7
What is the hundreds digit of 1548?
5
What is the thousands digit of 7391?
7
What is the ten thousands digit of 20915?
2
What is the thousands digit of 5528?
5
What is the thousands digit of 2219?
2
What is the hundreds digit of 5066?
0
What is the tens digit of 5168?
6
What is the hundreds digit of 10581?
5
What is the tens digit of 1767?
6
What is the tens digit of 21?
2
What is the hundreds digit of 3988?
9
What is the tens digit of 7700?
0
What is the hundreds digit of 3747?
7
What is the hundreds digit of 24382?
3
What is the thousands digit of 18452?
8
What is the hundreds digit of 168565?
5
What is the units digit of 30870?
0
What is the tens digit of 4978?
7
What is the thousands digit of 72168?
2
What is the hundreds digit of 131?
1
What is the units digit of 2891?
1
What is the units digit of 72890?
0
What is the tens digit of 813?
1
What is the ten thousands digit of 24975?
2
What is the hundreds digit of 7269?
2
What is the tens digit of 67565?
6
What is the thousands digit of 27227?
7
What is the thousands digit of 8289?
8
What is the units digit of 38410?
0
What is the tens digit of 1041?
4
What is the tens digit of 5927?
2
What is the hundreds digit of 116748?
7
What is the tens digit of 4499?
9
What is the units digit of 43151?
1
What is the hundreds digit of 92276?
2
What is the units digit of 7826?
6
What is the thousands digit of 1101?
1
What is the units digit of 117?
7
What is the units digit of 2930?
0
What is the units digit of 22346?
6
What is the tens digit of 777?
7
What is the ten thousands digit of 10774?
1
What is the tens digit of 92513?
1
What is the tens digit of 8892?
9
What is the tens digit of 29679?
7
What is the tens digit of 687?
8
What is the tens digit of 7416?
1
What is the tens digit of 7147?
4
What is the units digit of 10864?
4
What is the thousands digit of 9460?
9
What is the tens digit of 44982?
8
What is the units digit of 23754?
4
What is the thousands digit of 1988?
1
What is the thousands digit of 1006?
1
What is the thousands digit of 1199?
1
What is the units digit of 1798?
8
What is the units digit of 61546?
6
What is the hundreds digit of 1918?
9
What is the units digit of 140710?
0
What is the thousands digit of 1274?
1
What is the thousands digit of 79169?
9
What is the tens digit of 56139?
3
What is the hundreds digit of 515?
5
What is the units digit of 13536?
6
What is the tens digit of 5458?
5
What is the thousands digit of 6496?
6
What is the thousands digit of 2094?
2
What is the tens digit of 747?
4
What is the units digit of 2264?
4
What is the tens digit of 808?
0
What is the tens digit of 12307?
0
What is the tens digit of 34921?
2
What is the units digit of 181?
1
What is the hundreds digit of 1289?
2
What is the units digit of 23893?
3
What is the thousands digit of 3535?
3
What is the units digit of 579?
9
What is the units digit of 26187?
7
What is the tens digit of 2960?
6
What is the units digit of 19715?
5
What is the ten thousands digit of 58697?
5
What is the thousands digit of 18759?
8
What is the tens digit of 75?
7
What is the units digit of 4763?
3
What is the tens digit of 165?
6
What is the units digit of 2968?
8
What is the tens digit of 1366?
6
What is the units digit of 26416?
6
What is the ten thousands digit of 18617?
1
What is the units digit of 8254?
4
What is the hundreds digit of 31070?
0
What is the tens digit of 1898?
9
What is the hundreds digit of 1765?
7
What is the units digit of 29646?
6
What is the thousands digit of 66633?
6
What is the hundreds digit of 3056?
0
What is the hundreds digit of 68405?
4
What is the hundreds digit of 75259?
2
What is the hundreds digit of 9523?
5
What is the units digit of 15623?
3
What is the units digit of 767?
7
What is the ten thousands digit of 37993?
3
What is the tens digit of 606?
0
What is the tens digit of 23514?
1
What is the ten thousands digit of 19078?
1
What is the tens digit of 1028?
2
What is the hundreds digit of 4619?
6
What is the thousands digit of 174335?
4
What is the ten thousands digit of 156895?
5
What is the hundreds digit of 22830?
8
What is the hundreds digit of 60661?
6
What is the ten thousands digit of 55522?
5
What is the tens digit of 1984?
8
What is the units digit of 482?
2
What is the units digit of 3003?
3
What is the thousands digit of 73119?
3
What is the thousands digit of 4479?
4
What is the hundreds digit of 1877?
8
What is the tens digit of 2551?
5
What is the units digit of 2410?
0
What is the tens digit of 827?
2
What is the tens digit of 16479?
7
What is the thousands digit of 8180?
8
What is the hundreds digit of 362?
3
What is the tens digit of 53063?
6
What is the thousands digit of 6642?
6
What is the tens digit of 3904?
0
What is the units digit of 21492?
2
What is the units digit of 58?
8
What is the tens digit of 233?
3
What is the hundreds digit of 970?
9
What is the tens digit of 9796?
9
What is the tens digit of 21927?
2
What is the units digit of 39929?
9
What is the units digit of 23617?
7
What is the units digit of 791?
1
What is the tens digit of 145108?
0
What is the units digit of 26294?
4
What is the hundreds digit of 36882?
8
What is the tens digit of 1050?
5
What is the units digit of 947?
7
What is the thousands digit of 16680?
6
What is the hundreds digit of 112542?
5
What is the hundreds digit of 3063?
0
What is the units digit of 3834?
4
What is the hundreds digit of 5200?
2
What is the hundreds digit of 56928?
9
What is the hundreds digit of 28592?
5
What is the units digit of 1470?
0
What is the thousands digit of 2412?
2
What is the thousands digit of 60703?
0
What is the ten thousands digit of 12275?
1
What is the hundreds digit of 146?
1
What is the hundreds digit of 229?
2
What is the units digit of 12605?
5
What is the units digit of 202?
2
What is the units digit of 638?
8
What is the units digit of 810?
0
What is the hundreds digit of 2757?
7
What is the hundreds digit of 1219?
2
What is the tens digit of 607?
0
What is the tens digit of 161617?
1
What is the units digit of 53757?
7
What is the tens digit of 1719?
1
What is the hundreds digit of 86640?
6
What is the thousands digit of 19983?
9
What is the units digit of 16?
6
What is the hundreds digit of 1569?
5
What is the units digit of 116?
6
What is the tens digit of 3904?
0
What is the tens digit of 6887?
8
What is the tens digit of 1624?
2
What is the units digit of 94758?
8
What is the hundreds digit of 72580?
5
What is the hundreds digit of 5910?
9
What is the tens digit of 12296?
9
What is the hundreds digit of 46480?
4
What is the ten thousands digit of 26760?
2
What is the hundreds digit of 89754?
7
What is the tens digit of 1056?
5
What is the thousands digit of 15139?
5
What is the hundreds digit of 101?
1
What is the tens digit of 405?
0
What is the hundreds digit of 813?
8
What is the thousands digit of 13859?
3
What is the ten thousands digit of 88288?
8
What is the tens digit of 8652?
5
What is the tens digit of 351?
5
What is the tens digit 